s 131440 - 145?
131262
In base 12, what is -1 - 31b12?
-31b13
In base 13, what is -6 + -99c8?
-9a01
In base 2, what is -11 - 101100010010001011?
-101100010010001110
In base 7, what is -1304454 + -11?
-1304465
In base 5, what is -134441 + -33?
-140024
In base 11, what is 879a - 135?
8665
In base 16, what is -e31 - -4b?
-de6
In base 15, what is -19a8 + 14?
-1994
In base 8, what is 6576 + 374?
7172
In base 15, what is -200 - 55?
-255
In base 15, what is c71 - -32?
ca3
In base 2, what is 0 - 11000110100001011010?
-11000110100001011010
In base 5, what is 141 + 13402?
14043
In base 11, what is -12628a - 10?
-12629a
In base 3, what is 121 - -1012012201?
1012020022
In base 12, what is -557 - 3?
-55a
In base 2, what is 10001100 - -100011?
10101111
In base 12, what is 5 - -11666?
1166b
In base 13, what is -1 + 42862?
42861
In base 5, what is 2433220 + -1?
2433214
In base 14, what is 26964 - -5?
26969
In base 16, what is 1 + -7c816?
-7c815
In base 2, what is 101000 - 110101111?
-110000111
In base 16, what is c4 + -88?
3c
In base 9, what is -13531 + 3?
-13527
In base 6, what is 135455 + 143?
140042
In base 4, what is -12310330 + 11?
-12310313
In base 12, what is -121 + -573?
-694
In base 12, what is -3a + 2739a?
27360
In base 13, what is 4393 - -35?
43c8
In base 15, what is 53 - -de?
142
In base 13, what is 3 - 157074?
-157071
In base 6, what is 20215 + 14?
20233
In base 7, what is -40 - 1051?
-1121
In base 12, what is 1 - 507b77?
-507b76
In base 6, what is -2 - -551044?
551042
In base 14, what is 6 - -2b50?
2b56
In base 16, what is 3 - -100d?
1010
In base 2, what is -101 + -10000011000000111?
-10000011000001100
In base 16, what is -ea41 + 1?
-ea40
In base 5, what is 433034 - 130?
432404
In base 16, what is -a - 6ac?
-6b6
In base 15, what is 724 - -b?
730
In base 14, what is -d - -1241?
1232
In base 14, what is 49 + 198c?
19d7
In base 8, what is -1727 + -266?
-2215
In base 12, what is 45780 + -1?
4577b
In base 16, what is 2ab86 + 5?
2ab8b
In base 8, what is -160 + -1606?
-1766
In base 6, what is -223520 - 1303?
-225223
In base 13, what is 192 + -235?
-73
In base 4, what is 10 + -321330222?
-321330212
In base 3, what is -12 - -2111200201200?
2111200201111
In base 11, what is -4 - 3124?
-3128
In base 6, what is 112135 + -252?
111443
In base 5, what is 2110 - -322404?
330014
In base 5, what is -20244 + 13?
-20231
In base 7, what is 155466 - 1?
155465
In base 7, what is -13140 + -456?
-13626
In base 3, what is 10111 - 10110?
1
In base 3, what is 1121 - -1000220?
1002111
In base 11, what is 60 + 190?
240
In base 8, what is -4 - -4554377?
4554373
In base 2, what is -101111111100 + -1110110?
-110001110010
In base 9, what is -51 + 664?
613
In base 9, what is 16 - 23610?
-23583
In base 12, what is -2a6 + 318?
32
In base 5, what is 23331 + 1342?
30223
In base 3, what is -10 - 21022200?
-21022210
In base 5, what is 32 - 11042?
-11010
In base 3, what is 200002010 + 112?
200002122
In base 9, what is 0 + 48718?
48718
In base 14, what is 24 + -164?
-140
In base 9, what is 2 - -1002113?
1002115
In base 3, what is 202202 - 2022110?
-1112201
In base 11, what is 4 + 771a?
7723
In base 12, what is -3 - 159b9?
-15a00
In base 15, what is -4 + -a60?
-a64
In base 9, what is 533 - -1176?
1720
In base 7, what is -56136 - 361?
-56530
In base 3, what is 111 - -1120120020?
1120120201
In base 9, what is -2877262 - -1?
-2877261
In base 13, what is 3 + 9b8b?
9b91
In base 6, what is 0 - 102424?
-102424
In base 11, what is -8a8 - -447?
-461
In base 16, what is -1c + -5c0?
-5dc
In base 15, what is -11 - b9d?
-bae
In base 6, what is 15251540 + 1?
15251541
In base 8, what is 1 - -2023555?
2023556
In base 9, what is 5252133 - -4?
5252137
In base 8, what is 273162 + -45?
273115
In base 15, what is 0 - -3d2a?
3d2a
In base 2, what is -10010011101000101 - 10?
-10010011101000111
In base 9, what is -135 + -116?
-252
In base 10, what is -7 + -128884?
-128891
In base 10, what is -36 + 13566?
13530
In base 8, what is 224 + -173?
31
In base 3, what is -200 + 10002220200?
10002220000
In base 13, what is -1a1b - 22?
-1a40
In base 2, what is -11001111010011010 + -1111?
-11001111010101001
In base 13, what is -c + -1040?
-104c
In base 16, what is 3de3 + -1?
3de2
In base 4, what is 323011201120 + 2?
323011201122
In base 7, what is 11 + -221046?
-221035
In base 7, what is 3206350 + -3?
3206344
In base 14, what is -2775 + -34?
-27a9
In base 15, what is 13 - -3b0c3?
3b0d6
In base 14, what is 4 - -12ccd?
12cd3
In base 5, what is -2 - 2102303?
-2102310
In base 4, what is 22 - 1100101?
-1100013
In base 9, what is -1820471 + -5?
-1820476
In base 5, what is 2302002 - -12?
2302014
In base 7, what is -1114606 + 0?
-1114606
In base 7, what is -11 - 664?
-1005
In base 6, what is -1132230323 + 5?
-1132230314
In base 8, what is -203150 - 1?
-203151
In base 2, what is 10111100111 - 101001001?
10010011110
In base 16, what is -15 + 2414?
23ff
In base 8, what is -23173 + -12?
-23205
In base 4, what is 11021000312 + -20?
11021000232
In base 14, what is -419 + -12?
-42b
In base 9, what is -1147 + 23?
-1124
In base 11, what is -682 - -577?
-106
In base 6, what is 42 - 23002?
-22520
In base 4, what is 0 + -110133032?
-110133032
In base 5, what is 12 - -2410003?
2410020
In base 3, what is -21112020 - -2?
-21112011
In base 2, what is -10110000110001111 + -1100?
-10110000110011011
In base 9, what is 42663 - 16?
42646
In base 16, what is -2ad5 + -10?
-2ae5
In base 11, what is 3 + -103877?
-103874
In base 4, what is 2111003110 + -1?
2111003103
In base 10, what is -1556 - 295?
-1851
In base 5, what is -420343 + 13?
-420330
In base 15, what is 235 + -2e?
206
In base 13, what is -666c2 + 1?
-666c1
In base 4, what is -33002 + -1100?
-100102
In base 3, what is 20001022 + 10022?
20011121
In base 9, what is -1504 + -1335?
-2840
In base 14, what is 22b3 + -a1?
2212
In base 12, what is a7278 - 2?
a7276
In base 5, what is 124 - 23040?
-22411
In base 14, what is -10b - 20d?
-31a
In base 16, what is -125da - d?
-125e7
In base 11, what is 3 - 353a7?
-353a4
In base 16, what is 1cce - 4?
1cca
In base 8, what is 0 - 1236?
-1236
In base 16, what is 92 - -4?
96
In base 13, what is 2 - 59?
-57
In base 8, what is -134203 - -43?
-134140
In base 8, what is -4 - 2251?
-2255
In base 16, what is 5 + -10a63?
-10a5e
In base 12, what is 37669 - 26?
37643
In base 7, what is 121130 - 5?
121122
In base 16, what is 1b8d - e?
1b7f
In base 7, what is 2115 + -1160?
625
In base 4, what is 3203 - 1201?
2002
In base 16, what is 3c3e5 + 1?
3c3e6
In base 7, what is 22 - -444266?
444321
In base 7, what is -16141 - 143?
-16314
In base 5, what is -12 - 32242421?
-32242433
In base 16, what is -151d - 12?
-152f
In base 15, what is 3 - -5988b?
5988e
In base 3, what is 1101102112 - 1021?
1101101021
In base 6, what is -3 - 1134243?
-1134250
In base 7, what is -11501 - 20?
-11521
In base 9, what is 0 + 1834538?
1834538
In base 3, what is -1111211212 - 10?
-1111211222
In base 6, what is 1 + 45431?
45432
In base 5, what is 0 + 2110203?
2110203
In base 4, what is -3203 - 13301?
-23110
In base 2, what is 11011100110 + 101001?
11100001111
In base 9, what is -181111 + 0?
-181111
In base 8, what is -17701 + 11?
-17670
In base 6, what is -10 + 2330250?
2330240
In base 15, what is -c458 - 1c?
-c475
In base 5, what is 1224 + 10300?
12024
In base 3, what is 110 + 21211010220?
21211011100
In base 15, what is -7b + -1e1?
-26c
In base 16, what is -85773 + -1?
-85774
In base 11, what is -319 + 2574?
2256
In base 4, what is 2120010 - 22?
2113322
In base 6, what is -5325 + -401?
-10130
In base 4, what is 3233 - 22203?
-12310
In base 2, what is 11 + -1011000101111?
-1011000101100
In base 9, what is 141144 - 3?
141141
In base 16, what is -1ff13 - 6?
-1ff19
In base 9, what is 1024724 + 4?
1024728
In base 8, what is -1265150 + 6?
-1265142
In base 6, what is 40500311 - 1?
40500310
In base 16, what is 4b89f4 + 1?
4b89f5
In base 12, what is a2269 - -18?
a2285
In base 7, what is 141422 - 32?
141360
In base 3, what is 21001201012 - 202?
21001200110
In base 4, what is -221 - 101?
-322
In base 11, what is -a01 - 35?
-a36
In base 9, what is -475 + -2703?
-3278
In base 11, what is -6 + 9127?
9121
In base 8, what is -1 + 17536?
17535
In base 15, what is -4 + 11cc?
11c8
In base 3, what is 2200112212 + -12?
22